 highest common factor of 48061 and 91?
13
Calculate the greatest common divisor of 4026 and 17556.
66
Calculate the greatest common divisor of 29422 and 1.
1
What is the highest common divisor of 80776 and 14?
2
What is the greatest common factor of 43 and 74003?
43
Calculate the highest common divisor of 56 and 399616.
56
Calculate the highest common factor of 20 and 331980.
20
Calculate the highest common divisor of 4905 and 125100.
45
What is the greatest common factor of 5289 and 348816?
129
Calculate the greatest common factor of 175698 and 36.
18
What is the greatest common divisor of 5174 and 1222?
26
What is the greatest common factor of 760 and 491720?
760
What is the greatest common divisor of 3879395 and 845?
845
Calculate the highest common factor of 17867 and 85.
17
What is the greatest common factor of 44464 and 4872?
56
What is the highest common divisor of 81 and 465?
3
Calculate the highest common factor of 1120 and 6804.
28
Calculate the greatest common divisor of 434 and 456134.
434
What is the highest common divisor of 33 and 6879?
3
Calculate the greatest common divisor of 123 and 1239717.
123
Calculate the highest common divisor of 15111 and 108882.
207
Calculate the greatest common factor of 10229789 and 79.
79
What is the greatest common divisor of 750 and 12303750?
750
Calculate the highest common divisor of 143670 and 120.
30
Calculate the highest common divisor of 14638 and 846752.
1126
Calculate the greatest common factor of 471333 and 19.
19
What is the highest common factor of 35193515 and 1715?
1715
Calculate the greatest common factor of 18 and 1271142.
18
What is the highest common factor of 1290 and 39474?
258
What is the highest common factor of 744 and 54804?
12
Calculate the greatest common factor of 860489 and 8330.
833
What is the greatest common divisor of 14791 and 1624?
7
Calculate the highest common factor of 3396 and 4500.
12
Calculate the greatest common divisor of 2054 and 31126.
158
What is the highest common divisor of 175 and 232925?
175
Calculate the greatest common factor of 200 and 122050.
50
Calculate the greatest common factor of 405273 and 33.
33
What is the highest common divisor of 330700 and 300?
100
Calculate the greatest common factor of 1449 and 11403.
63
Calculate the greatest common factor of 40 and 21070.
10
What is the greatest common factor of 4296 and 72?
24
Calculate the greatest common divisor of 10375 and 8375.
125
Calculate the highest common factor of 767 and 177.
59
What is the highest common divisor of 34987 and 1003?
59
Calculate the highest common factor of 5750 and 11040.
230
Calculate the highest common divisor of 25885 and 155.
155
Calculate the highest common factor of 764 and 327374.
382
What is the highest common divisor of 41856 and 38586?
654
Calculate the highest common divisor of 527112 and 264.
24
Calculate the greatest common divisor of 60 and 66135.
15
What is the greatest common divisor of 2013075 and 25?
25
What is the greatest common divisor of 607008 and 192?
96
Calculate the greatest common factor of 104 and 37192.
8
Calculate the greatest common factor of 58885 and 15.
5
What is the highest common factor of 1257 and 4471149?
1257
What is the highest common divisor of 219660 and 63?
21
What is the greatest common divisor of 1081 and 1457?
47
What is the highest common divisor of 864 and 94?
2
What is the highest common factor of 331906 and 2104?
526
Calculate the greatest common divisor of 85408 and 314.
314
Calculate the greatest common factor of 1062229 and 2408.
301
Calculate the greatest common factor of 1187028 and 116.
116
Calculate the greatest common divisor of 12 and 181788.
12
What is the highest common factor of 6369 and 13317?
579
What is the highest common divisor of 122250 and 35250?
750
Calculate the highest common factor of 60 and 2901380.
20
Calculate the highest common factor of 6021 and 48.
3
What is the highest common factor of 1818 and 1111?
101
Calculate the highest common divisor of 330 and 743919.
33
What is the greatest common factor of 487368 and 2016?
504
Calculate the highest common divisor of 24 and 67884.
12
Calculate the greatest common factor of 365900 and 125.
25
Calculate the greatest common factor of 18950 and 200.
50
What is the greatest common factor of 1195 and 124519?
239
What is the highest common factor of 481 and 92716?
13
What is the highest common factor of 1592 and 8?
8
Calculate the greatest common factor of 195842 and 63838.
1082
Calculate the highest common factor of 13549 and 34.
17
Calculate the greatest common divisor of 24321 and 21909.
201
Calculate the greatest common factor of 567 and 20916.
63
What is the greatest common divisor of 144172 and 399?
133
What is the greatest common divisor of 276 and 43614?
6
Calculate the greatest common factor of 336 and 43974.
42
What is the highest common divisor of 23286 and 180?
6
What is the greatest common factor of 115764 and 1012?
44
Calculate the greatest common divisor of 20 and 1464.
4
What is the highest common factor of 68 and 41514?
34
Calculate the greatest common divisor of 100 and 194175.
25
Calculate the highest common divisor of 11 and 372647.
11
What is the greatest common factor of 2733 and 276944?
911
Calculate the greatest common divisor of 126 and 404418.
42
What is the highest common factor of 566445 and 1320?
165
Calculate the greatest common factor of 36500 and 172.
4
Calculate the highest common factor of 2482 and 14162.
146
What is the greatest common divisor of 8178 and 4234?
58
What is the greatest common divisor of 17334 and 1944?
162
Calculate the greatest common factor of 2431 and 20306.
143
Calculate the greatest common divisor of 220 and 41206.
22
Calculate the highest common factor of 5535 and 2665.
205
Calculate the highest common factor of 702 and 5423301.
351
What is the highest common divisor of 1971 and 180164?
73
Calculate the highest common factor of 114 and 183597.
57
What is the highest common factor of 385 and 18040?
55
What is the greatest common factor of 4573 and 26605?
17
Calculate the greatest common divisor of 6 and 1878.
6
Calculate the highest common divisor of 33464 and 792.
8
Calculate the greatest common divisor of 14520 and 1584132.
1452
Calculate the greatest common divisor of 293799 and 174.
87
What is the highest common divisor of 243 and 303?
3
What is the greatest common divisor of 250 and 1341625?
125
Calculate the greatest common divisor of 2025 and 39285.
405
Calculate the highest common factor of 1173 and 373911.
69
What is the greatest common factor of 1560 and 5785?
65
Calculate the greatest common factor of 191011 and 25874.
761
Calculate the greatest common divisor of 189639 and 1026.
171
What is the greatest common divisor of 137 and 278384?
137
Calculate the greatest common divisor of 42 and 81138.
6
Calculate the greatest common divisor of 417260 and 180.
20
What is the highest common divisor of 8 and 139?
1
What is the highest common factor of 4 and 9364?
4
What is the highest common factor of 21574 and 36?
2
What is the greatest common divisor of 22331 and 7009?
163
What is the highest common divisor of 763068 and 6?
6
Calculate the highest common factor of 190 and 477451.
19
What is the highest common factor of 20 and 312560?
20
What is the greatest common factor of 7497 and 695898?
441
Calculate the greatest common divisor of 44785 and 112307.
689
What is the highest common factor of 35973 and 18711?
63
Calculate the highest common divisor of 16 and 2364.
4
Calculate the greatest common divisor of 34 and 14722.
34
What is the greatest common factor of 1078 and 286?
22
What is the greatest common divisor of 223852 and 573?
191
Calculate the greatest common factor of 6666928 and 328.
328
Calculate the greatest common divisor of 1179 and 19083294.
1179
What is the highest common divisor of 357 and 816578?
119
What is the highest common factor of 96 and 1580784?
48
Calculate the highest common divisor of 1045 and 10417.
11
What is the greatest common factor of 544 and 16672?
32
Calculate the greatest common factor of 1299241 and 217.
31
What is the greatest common factor of 127908 and 171?
171
Calculate the highest common factor of 75 and 966925.
25
Calculate the highest common diviso